[INFO] fetching crate mio-named-pipes 0.1.7...
[INFO] checking mio-named-pipes-0.1.7 against master#e6e4f7ed1589e03bc2f6c5931c1a72e7947e8682 for beta-170-4
[INFO] extracting crate mio-named-pipes 0.1.7 into /workspace/builds/worker-0-tc2/source
[INFO] validating manifest of crates.io crate mio-named-pipes 0.1.7 on toolchain e6e4f7ed1589e03bc2f6c5931c1a72e7947e8682
[INFO] running `Command { std: CARGO_HOME="/workspace/cargo-home" RUSTUP_HOME="/workspace/rustup-home" "/workspace/cargo-home/bin/cargo" "+e6e4f7ed1589e03bc2f6c5931c1a72e7947e8682" "metadata" "--manifest-path" "Cargo.toml" "--no-deps", kill_on_drop: false }`
[INFO] started tweaking crates.io crate mio-named-pipes 0.1.7
[INFO] finished tweaking crates.io crate mio-named-pipes 0.1.7
[INFO] tweaked toml for crates.io crate mio-named-pipes 0.1.7 written to /workspace/builds/worker-0-tc2/source/Cargo.toml
[INFO] running `Command { std: CARGO_HOME="/workspace/cargo-home" RUSTUP_HOME="/workspace/rustup-home" __CARGO_TEST_CHANNEL_OVERRIDE_DO_NOT_USE_THIS="nightly" "/workspace/cargo-home/bin/cargo" "+e6e4f7ed1589e03bc2f6c5931c1a72e7947e8682" "generate-lockfile" "--manifest-path" "Cargo.toml" "-Zno-index-update", kill_on_drop: false }`
[INFO] [stderr]     Blocking waiting for file lock on package cache
[INFO] running `Command { std: CARGO_HOME="/workspace/cargo-home" RUSTUP_HOME="/workspace/rustup-home" "/workspace/cargo-home/bin/cargo" "+e6e4f7ed1589e03bc2f6c5931c1a72e7947e8682" "fetch" "--manifest-path" "Cargo.toml", kill_on_drop: false }`
[INFO] [stderr]     Blocking waiting for file lock on package cache
[INFO] running `Command { std: "docker" "create" "-v" "/var/lib/crater-agent-workspace/builds/worker-0-tc2/target:/opt/rustwide/target:rw,Z" "-v" "/var/lib/crater-agent-workspace/builds/worker-0-tc2/source:/opt/rustwide/workdir:ro,Z" "-v" "/var/lib/crater-agent-workspace/cargo-home:/opt/rustwide/cargo-home:ro,Z" "-v" "/var/lib/crater-agent-workspace/rustup-home:/opt/rustwide/rustup-home:ro,Z" "-e" "SOURCE_DIR=/opt/rustwide/workdir" "-e" "CARGO_TARGET_DIR=/opt/rustwide/target" "-e" "CARGO_HOME=/opt/rustwide/cargo-home" "-e" "RUSTUP_HOME=/opt/rustwide/rustup-home" "-w" "/opt/rustwide/workdir" "-m" "1610612736" "--user" "0:0" "--network" "none" "ghcr.io/rust-lang/crates-build-env/linux@sha256:19e73879b68f455e41552ea35293514db52ea292d993f571636dbffedb77a1ee" "/opt/rustwide/cargo-home/bin/cargo" "+e6e4f7ed1589e03bc2f6c5931c1a72e7947e8682" "metadata" "--no-deps" "--format-version=1", kill_on_drop: false }`
[INFO] [stdout] 32ebd44be4450efe0cc72899d4cdceeb64e69b929927f0c251759601f25f7941
[INFO] running `Command { std: "docker" "start" "-a" "32ebd44be4450efe0cc72899d4cdceeb64e69b929927f0c251759601f25f7941", kill_on_drop: false }`
[INFO] running `Command { std: "docker" "inspect" "32ebd44be4450efe0cc72899d4cdceeb64e69b929927f0c251759601f25f7941", kill_on_drop: false }`
[INFO] running `Command { std: "docker" "rm" "-f" "32ebd44be4450efe0cc72899d4cdceeb64e69b929927f0c251759601f25f7941", kill_on_drop: false }`
[INFO] [stdout] 32ebd44be4450efe0cc72899d4cdceeb64e69b929927f0c251759601f25f7941
[INFO] running `Command { std: "docker" "create" "-v" "/var/lib/crater-agent-workspace/builds/worker-0-tc2/target:/opt/rustwide/target:rw,Z" "-v" "/var/lib/crater-agent-workspace/builds/worker-0-tc2/source:/opt/rustwide/workdir:ro,Z" "-v" "/var/lib/crater-agent-workspace/cargo-home:/opt/rustwide/cargo-home:ro,Z" "-v" "/var/lib/crater-agent-workspace/rustup-home:/opt/rustwide/rustup-home:ro,Z" "-e" "SOURCE_DIR=/opt/rustwide/workdir" "-e" "CARGO_TARGET_DIR=/opt/rustwide/target" "-e" "CARGO_INCREMENTAL=0" "-e" "RUST_BACKTRACE=full" "-e" "RUSTFLAGS=--cap-lints=forbid" "-e" "RUSTDOCFLAGS=--cap-lints=forbid" "-e" "CARGO_HOME=/opt/rustwide/cargo-home" "-e" "RUSTUP_HOME=/opt/rustwide/rustup-home" "-w" "/opt/rustwide/workdir" "-m" "1610612736" "--user" "0:0" "--network" "none" "ghcr.io/rust-lang/crates-build-env/linux@sha256:19e73879b68f455e41552ea35293514db52ea292d993f571636dbffedb77a1ee" "/opt/rustwide/cargo-home/bin/cargo" "+e6e4f7ed1589e03bc2f6c5931c1a72e7947e8682" "check" "--frozen" "--all" "--all-targets" "--message-format=json", kill_on_drop: false }`
[INFO] [stdout] c3d290b8fab8e053fffc7034d4b12fdc322c79271c3950f636985d08b6b387f0
[INFO] running `Command { std: "docker" "start" "-a" "c3d290b8fab8e053fffc7034d4b12fdc322c79271c3950f636985d08b6b387f0", kill_on_drop: false }`
[INFO] [stderr]     Checking mio-named-pipes v0.1.7 (/opt/rustwide/workdir)
[INFO] [stderr]     Checking env_logger v0.4.3
[INFO] [stderr]     Checking rand v0.4.6
[INFO] [stdout] error[E0463]: can't find crate for `mio`
[INFO] [stdout]  --> tests/smoke.rs:2:1
[INFO] [stdout]   |
[INFO] [stdout] 2 | extern crate mio;
[INFO] [stdout]   | ^^^^^^^^^^^^^^^^^ can't find crate
[INFO] [stdout] 
[INFO] [stdout] 
[INFO] [stdout] error[E0463]: can't find crate for `winapi`
[INFO] [stdout]  --> tests/smoke.rs:5:1
[INFO] [stdout]   |
[INFO] [stdout] 5 | extern crate winapi;
[INFO] [stdout]   | ^^^^^^^^^^^^^^^^^^^^ can't find crate
[INFO] [stdout] 
[INFO] [stdout] 
[INFO] [stdout] error[E0463]: can't find crate for `log`
[INFO] [stdout]  --> tests/smoke.rs:8:1
[INFO] [stdout]   |
[INFO] [stdout] 8 | extern crate log;
[INFO] [stdout]   | ^^^^^^^^^^^^^^^^^ can't find crate
[INFO] [stdout] 
[INFO] [stdout] 
[INFO] [stdout] error[E0433]: failed to resolve: could not find `windows` in `os`
[INFO] [stdout]   --> tests/smoke.rs:13:14
[INFO] [stdout]    |
[INFO] [stdout] 13 | use std::os::windows::fs::*;
[INFO] [stdout]    |              ^^^^^^^ could not find `windows` in `os`
[INFO] [stdout] 
[INFO] [stdout] 
[INFO] [stdout] error[E0433]: failed to resolve: could not find `windows` in `os`
[INFO] [stdout]   --> tests/smoke.rs:14:14
[INFO] [stdout]    |
[INFO] [stdout] 14 | use std::os::windows::io::*;
[INFO] [stdout]    |              ^^^^^^^ could not find `windows` in `os`
[INFO] [stdout] 
[INFO] [stdout] 
[INFO] [stdout] error[E0432]: unresolved import `mio_named_pipes::NamedPipe`
[INFO] [stdout]   --> tests/smoke.rs:18:5
[INFO] [stdout]    |
[INFO] [stdout] 18 | use mio_named_pipes::NamedPipe;
[INFO] [stdout]    |     ^^^^^^^^^^^^^^^^^^^^^^^^^^ no `NamedPipe` in the root
[INFO] [stdout] 
[INFO] [stdout] 
[INFO] [stdout] error: cannot find macro `debug` in this scope
[INFO] [stdout]   --> tests/smoke.rs:70:5
[INFO] [stdout]    |
[INFO] [stdout] 70 |     debug!("events {:?}", events);
[INFO] [stdout]    |     ^^^^^
[INFO] [stdout] 
[INFO] [stdout] 
[INFO] [stdout] error: cannot find macro `debug` in this scope
[INFO] [stdout]    --> tests/smoke.rs:106:9
[INFO] [stdout]     |
[INFO] [stdout] 106 |         debug!("events {:?}", events);
[INFO] [stdout]     |         ^^^^^
[INFO] [stdout] 
[INFO] [stdout] 
[INFO] [stdout] error: cannot find macro `debug` in this scope
[INFO] [stdout]    --> tests/smoke.rs:135:5
[INFO] [stdout]     |
[INFO] [stdout] 135 |     debug!("events {:?}", e);
[INFO] [stdout]     |     ^^^^^
[INFO] [stdout] 
[INFO] [stdout] 
[INFO] [stdout] error: cannot find macro `debug` in this scope
[INFO] [stdout]    --> tests/smoke.rs:152:9
[INFO] [stdout]     |
[INFO] [stdout] 152 |         debug!("events {:?}", e);
[INFO] [stdout]     |         ^^^^^
[INFO] [stdout] 
[INFO] [stdout] 
[INFO] [stdout] error: cannot find macro `debug` in this scope
[INFO] [stdout]    --> tests/smoke.rs:177:5
[INFO] [stdout]     |
[INFO] [stdout] 177 |     debug!("events {:?}", e);
[INFO] [stdout]     |     ^^^^^
[INFO] [stdout] 
[INFO] [stdout] 
[INFO] [stdout] error: cannot find macro `debug` in this scope
[INFO] [stdout]    --> tests/smoke.rs:191:9
[INFO] [stdout]     |
[INFO] [stdout] 191 |         debug!("events {:?}", e);
[INFO] [stdout]     |         ^^^^^
[INFO] [stdout] 
[INFO] [stdout] 
[INFO] [stdout] error: cannot find macro `debug` in this scope
[INFO] [stdout]    --> tests/smoke.rs:226:9
[INFO] [stdout]     |
[INFO] [stdout] 226 |         debug!("events {:?}", events);
[INFO] [stdout]     |         ^^^^^
[INFO] [stdout] 
[INFO] [stdout] 
[INFO] [stdout] error: cannot find macro `debug` in this scope
[INFO] [stdout]    --> tests/smoke.rs:265:9
[INFO] [stdout]     |
[INFO] [stdout] 265 |         debug!("events {:?}", events);
[INFO] [stdout]     |         ^^^^^
[INFO] [stdout] 
[INFO] [stdout] 
[INFO] [stdout] error: cannot find macro `debug` in this scope
[INFO] [stdout]    --> tests/smoke.rs:292:9
[INFO] [stdout]     |
[INFO] [stdout] 292 |         debug!("events {:?}", events);
[INFO] [stdout]     |         ^^^^^
[INFO] [stdout] 
[INFO] [stdout] 
[INFO] [stdout] error[E0425]: cannot find value `FILE_FLAG_OVERLAPPED` in this scope
[INFO] [stdout]   --> tests/smoke.rs:42:23
[INFO] [stdout]    |
[INFO] [stdout] 42 |         .custom_flags(FILE_FLAG_OVERLAPPED);
[INFO] [stdout]    |                       ^^^^^^^^^^^^^^^^^^^^ not found in this scope
[INFO] [stdout] 
[INFO] [stdout] 
[INFO] [stdout] error[E0599]: no method named `custom_flags` found for mutable reference `&mut OpenOptions` in the current scope
[INFO] [stdout]   --> tests/smoke.rs:42:10
[INFO] [stdout]    |
[INFO] [stdout] 40 | /     opts.read(true)
[INFO] [stdout] 41 | |         .write(true)
[INFO] [stdout] 42 | |         .custom_flags(FILE_FLAG_OVERLAPPED);
[INFO] [stdout]    | |         -^^^^^^^^^^^^ method not found in `&mut OpenOptions`
[INFO] [stdout]    | |_________|
[INFO] [stdout]    | 
[INFO] [stdout]    |
[INFO] [stdout]    = help: items from traits can only be used if the trait is in scope
[INFO] [stdout] help: the following trait is implemented but not in scope; perhaps add a `use` for it:
[INFO] [stdout]    |
[INFO] [stdout] 1  + use std::os::unix::fs::OpenOptionsExt;
[INFO] [stdout]    |
[INFO] [stdout] 
[INFO] [stdout] 
[INFO] [stdout] error[E0599]: no method named `into_raw_handle` found for struct `File` in the current scope
[INFO] [stdout]   --> tests/smoke.rs:44:46
[INFO] [stdout]    |
[INFO] [stdout] 44 |     unsafe { NamedPipe::from_raw_handle(file.into_raw_handle()) }
[INFO] [stdout]    |                                              ^^^^^^^^^^^^^^^ method not found in `File`
[INFO] [stdout] 
[INFO] [stdout] 
[INFO] [stdout] warning: unused import: `std::io::prelude`
[INFO] [stdout]   --> tests/smoke.rs:12:5
[INFO] [stdout]    |
[INFO] [stdout] 12 | use std::io::prelude::*;
[INFO] [stdout]    |     ^^^^^^^^^^^^^^^^
[INFO] [stdout]    |
[INFO] [stdout]    = note: `#[warn(unused_imports)]` on by default
[INFO] [stdout] 
[INFO] [stdout] 
[INFO] [stdout] error: aborting due to 18 previous errors; 1 warning emitted
[INFO] [stdout] 
[INFO] [stdout] 
[INFO] [stdout] Some errors have detailed explanations: E0425, E0432, E0433, E0463, E0599.
[INFO] [stdout] 
[INFO] [stdout] For more information about an error, try `rustc --explain E0425`.
[INFO] [stdout] 
[INFO] [stderr] error: could not compile `mio-named-pipes` (test "smoke") due to 19 previous errors; 1 warning emitted
[INFO] running `Command { std: "docker" "inspect" "c3d290b8fab8e053fffc7034d4b12fdc322c79271c3950f636985d08b6b387f0", kill_on_drop: false }`
[INFO] running `Command { std: "docker" "rm" "-f" "c3d290b8fab8e053fffc7034d4b12fdc322c79271c3950f636985d08b6b387f0", kill_on_drop: false }`
[INFO] [stdout] c3d290b8fab8e053fffc7034d4b12fdc322c79271c3950f636985d08b6b387f0
